7 is divided by 13.
1
Calculate the remainder when 445 is divided by 443.
2
Calculate the remainder when 23 is divided by 4.
3
Calculate the remainder when 2632 is divided by 26.
6
Calculate the remainder when 179 is divided by 30.
29
Calculate the remainder when 77 is divided by 16.
13
What is the remainder when 58 is divided by 46?
12
Calculate the remainder when 88 is divided by 24.
16
Calculate the remainder when 362 is divided by 28.
26
What is the remainder when 405 is divided by 29?
28
What is the remainder when 649 is divided by 7?
5
What is the remainder when 1887 is divided by 42?
39
What is the remainder when 227 is divided by 72?
11
What is the remainder when 289 is divided by 6?
1
Calculate the remainder when 717 is divided by 72.
69
What is the remainder when 437 is divided by 53?
13
Calculate the remainder when 579 is divided by 144.
3
Calculate the remainder when 4123 is divided by 153.
145
What is the remainder when 1578 is divided by 314?
8
Calculate the remainder when 385 is divided by 232.
153
What is the remainder when 266 is divided by 122?
22
Calculate the remainder when 2104 is divided by 18.
16
What is the remainder when 4531 is divided by 189?
184
Calculate the remainder when 213 is divided by 48.
21
Calculate the remainder when 2269 is divided by 71.
68
What is the remainder when 215 is divided by 212?
3
Calculate the remainder when 455 is divided by 122.
89
Calculate the remainder when 525 is divided by 84.
21
Calculate the remainder when 348 is divided by 63.
33
Calculate the remainder when 916 is divided by 87.
46
What is the remainder when 458 is divided by 224?
10
Calculate the remainder when 163 is divided by 150.
13
Calculate the remainder when 888 is divided by 220.
8
Calculate the remainder when 1345 is divided by 40.
25
What is the remainder when 536 is divided by 262?
12
What is the remainder when 315 is divided by 130?
55
Calculate the remainder when 13717 is divided by 6857.
3
Calculate the remainder when 3148 is divided by 90.
88
What is the remainder when 46 is divided by 26?
20
What is the remainder when 307 is divided by 98?
13
Calculate the remainder when 1266 is divided by 133.
69
Calculate the remainder when 101 is divided by 73.
28
Calculate the remainder when 139 is divided by 15.
4
Calculate the remainder when 65 is divided by 17.
14
What is the remainder when 89 is divided by 10?
9
What is the remainder when 1549 is divided by 140?
9
What is the remainder when 237 is divided by 39?
3
What is the remainder when 538 is divided by 5?
3
Calculate the remainder when 93 is divided by 51.
42
What is the remainder when 1293 is divided by 22?
17
Calculate the remainder when 279 is divided by 56.
55
Calculate the remainder when 917 is divided by 66.
59
Calculate the remainder when 2196 is divided by 8.
4
What is the remainder when 181 is divided by 49?
34
Calculate the remainder when 353 is divided by 183.
170
What is the remainder when 357 is divided by 26?
19
What is the remainder when 221 is divided by 25?
21
What is the remainder when 77 is divided by 10?
7
Calculate the remainder when 2683 is divided by 149.
1
What is the remainder when 128 is divided by 91?
37
What is the remainder when 779 is divided by 131?
124
Calculate the remainder when 85 is divided by 27.
4
Calculate the remainder when 708 is divided by 113.
30
What is the remainder when 1054 is divided by 12?
10
What is the remainder when 34 is divided by 10?
4
What is the remainder when 36 is divided by 10?
6
Calculate the remainder when 120 is divided by 27.
12
Calculate the remainder when 1494 is divided by 111.
51
What is the remainder when 104 is divided by 11?
5
What is the remainder when 220 is divided by 112?
108
Calculate the remainder when 98 is divided by 10.
8
What is the remainder when 449 is divided by 45?
44
What is the remainder when 233 is divided by 43?
18
Calculate the remainder when 233 is divided by 35.
23
What is the remainder when 13929 is divided by 36?
33
What is the remainder when 487 is divided by 61?
60
Calculate the remainder when 216 is divided by 45.
36
What is the remainder when 4405 is divided by 14?
9
Calculate the remainder when 72 is divided by 37.
35
Calculate the remainder when 425 is divided by 48.
41
Calculate the remainder when 42 is divided by 20.
2
What is the remainder when 388 is divided by 15?
13
What is the remainder when 4152 is divided by 245?
232
Calculate the remainder when 60 is divided by 40.
20
Calculate the remainder when 157 is divided by 46.
19
What is the remainder when 970 is divided by 147?
88
Calculate the remainder when 810 is divided by 398.
14
What is the remainder when 94 is divided by 38?
18
What is the remainder when 615 is divided by 9?
3
What is the remainder when 36 is divided by 23?
13
What is the remainder when 3057 is divided by 10?
7
What is the remainder when 683 is divided by 167?
15
What is the remainder when 74 is divided by 11?
8
Calculate the remainder when 436 is divided by 51.
28
What is the remainder when 779 is divided by 39?
38
What is the remainder when 331 is divided by 59?
36
Calculate the remainder when 33 is divided by 7.
5
Calculate the remainder when 26988 is divided by 8996.
0
Calculate the remainder when 41087 is divided by 321.
320
What is the remainder when 1529 is divided by 51?
50
What is the remainder when 3162 is divided by 1053?
3
Calculate the remainder when 170 is divided by 19.
18
What is the remainder when 120 is divided by 54?
12
Calculate the remainder when 60 is divided by 26.
8
What is the remainder when 520 is divided by 18?
16
What is the remainder when 208 is divided by 18?
10
What is the remainder when 201 is divided by 106?
95
Calculate the remainder when 50 is divided by 21.
8
Calculate the remainder when 868 is divided by 152.
108
What is the remainder when 562 is divided by 268?
26
Calculate the remainder when 84 is divided by 8.
4
Calculate the remainder when 134 is divided by 125.
9
What is the remainder when 23055 is divided by 183?
180
Calculate the remainder when 69 is divided by 16.
5
What is the remainder when 460 is divided by 119?
103
Calculate the remainder when 22202 is divided by 52.
50
Calculate the remainder when 451 is divided by 20.
11
Calculate the remainder when 245 is divided by 114.
17
Calculate the remainder when 209 is divided by 5.
4
Calculate the remainder when 2433 is divided by 6.
3
Calculate the remainder when 349 is divided by 32.
29
Calculate the remainder when 609 is divided by 67.
6
Calculate the remainder when 1420 is divided by 89.
85
What is the remainder when 1288 is divided by 11?
1
What is the remainder when 339 is divided by 88?
75
Calculate the remainder when 1614 is divided by 21.
18
Calculate the remainder when 2527 is divided by 110.
107
Calculate the remainder when 3620 is divided by 15.
5
Calculate the remainder when 1046 is divided by 27.
20
What is the remainder when 2045 is divided by 292?
1
What is the remainder when 222 is divided by 121?
101
What is the remainder when 181 is divided by 11?
5
What is the remainder when 17 is divided by 3?
2
Calculate the remainder when 1264 is divided by 23.
22
Calculate the remainder when 422 is divided by 151.
120
What is the remainder when 58 is divided by 47?
11
What is the remainder when 959 is divided by 87?
2
What is the remainder when 727 is divided by 242?
1
What is the remainder when 645 is divided by 150?
45
What is the remainder when 12398 is divided by 5?
3
What is the remainder when 739 is divided by 51?
25
Calculate the remainder when 27315 is divided by 174.
171
Calculate the remainder when 70 is divided by 51.
19
Calculate the remainder when 25331 is divided by 106.
103
Calculate the remainder when 872 is divided by 185.
132
What is the remainder when 209 is divided by 15?
14
What is the remainder when 1597 is divided by 50?
47
Calculate the remainder when 67 is divided by 42.
25
What is the remainder when 4367 is divided by 13?
12
What is the remainder when 70 is divided by 36?
34
What is the remainder when 6176 is divided by 87?
86
Calculate the remainder when 2071 is divided by 122.
119
What is the remainder when 835 is divided by 12?
7
Calculate the remainder when 444 is divided by 5.
4
Calculate the remainder when 26